{"id":1081,"date":"2023-12-01T09:02:10","date_gmt":"2023-12-01T08:02:10","guid":{"rendered":"https:\/\/leschiera.design\/?page_id=1081"},"modified":"2024-05-27T11:32:02","modified_gmt":"2024-05-27T09:32:02","slug":"votre-projet","status":"publish","type":"page","link":"https:\/\/leschiera.design\/index.php\/votre-projet\/","title":{"rendered":"Votre Projet"},"content":{"rendered":"\n<p class=\"has-text-align-center\">En tant que professionnelle du design d\u2019espace, je vous fais b\u00e9n\u00e9ficier de mon expertise cr\u00e9ative en mati\u00e8re de textures, de couleurs, de mobilier pour vous mod\u00e9liser un espace harmonieux, confortable et fonctionnel qui vous correspond parfaitement.<\/p>\n\n\n\n<p class=\"has-text-align-center\" style=\"font-size:17px\">J\u2019accorde une importance fondamentale \u00e0 personnaliser ma relation avec chaque client, car votre espace de vie est unique! <br><strong>C&rsquo;est pour cela que je vous propose diff\u00e9rentes formules pour redessiner votre int\u00e9rieur<\/strong><\/p>\n\n\n\n<div class=\"wp-block-columns is-layout-flex wp-container-core-columns-is-layout-c7fa2dd1 wp-block-columns-is-layout-flex\" style=\"margin-top:var(--wp--preset--spacing--60);margin-bottom:var(--wp--preset--spacing--60);padding-right:0;padding-left:0\">\n<div class=\"wp-block-column is-layout-flow wp-block-column-is-layout-flow\">\n<div class=\"wp-block-cover alignwide is-light has-medium-font-size\" style=\"border-radius:10px;padding-top:0;padding-bottom:0;min-height:501px;aspect-ratio:unset;\"><span aria-hidden=\"true\" class=\"wp-block-cover__background has-background-dim-30 has-background-dim\" style=\"background-color:#beb5a3\"><\/span><img fetchpriority=\"high\" decoding=\"async\" width=\"1920\" height=\"1080\" class=\"wp-block-cover__image-background wp-image-1093\" alt=\"\" src=\"https:\/\/leschiera.design\/wp-content\/uploads\/2024\/05\/Chambre-parentale-1-L.jpg\" style=\"object-position:41% 41%\" data-object-fit=\"cover\" data-object-position=\"41% 41%\" srcset=\"https:\/\/leschiera.design\/wp-content\/uploads\/2024\/05\/Chambre-parentale-1-L.jpg 1920w, https:\/\/leschiera.design\/wp-content\/uploads\/2024\/05\/Chambre-parentale-1-L-300x169.jpg 300w, https:\/\/leschiera.design\/wp-content\/uploads\/2024\/05\/Chambre-parentale-1-L-1024x576.jpg 1024w, https:\/\/leschiera.design\/wp-content\/uploads\/2024\/05\/Chambre-parentale-1-L-768x432.jpg 768w, https:\/\/leschiera.design\/wp-content\/uploads\/2024\/05\/Chambre-parentale-1-L-1536x864.jpg 1536w\" sizes=\"(max-width: 1920px) 100vw, 1920px\" \/><div class=\"wp-block-cover__inner-container is-layout-flow wp-block-cover-is-layout-flow\">\n<p class=\"has-text-align-center\" style=\"font-size:40px;font-style:normal;font-weight:100\">Formule Design<\/p>\n<\/div><\/div>\n<\/div>\n\n\n\n<div class=\"wp-block-column is-layout-flow wp-block-column-is-layout-flow\" style=\"padding-top:0;padding-right:0;padding-bottom:0;padding-left:0\">\n<p class=\"has-text-align-center\" style=\"font-size:16px\"><br><strong>Vous souhaitez am\u00e9nager et d\u00e9corer votre nouvel int\u00e9rieur et vous avez besoin d&rsquo;aide pour vous projeter dans cet espace?<br>Laissez-moi vous accompagner dans ce projet de design!<\/strong><\/p>\n\n\n\n<p class=\"has-text-align-center\" style=\"font-size:16px;font-style:normal;font-weight:100\">Apr\u00e8s une prise de contact t\u00e9l\u00e9phonique o\u00f9 nous discutons des bases de votre projet (surface, budget, planning, motivation\u2026 ), je vous rencontre pour analyser l&rsquo;espace que vous souhaitez cr\u00e9er ou r\u00e9nover.<br>Dans un deuxi\u00e8me temps, je prends les mesures et les photos n\u00e9cessaires pour \u00e9laborer les plans m\u00e9tr\u00e9s et vous transmets un cahier des charges regroupant les informations de votre projet. <br><br>Enfin, je vous fais parvenir un plan d&rsquo;am\u00e9nagement 2D et plusieurs rendus r\u00e9alistes en 3D pour vous projeter dans votre nouvelle d\u00e9coration.<br>Une shopping-list regroupant les r\u00e9f\u00e9rences et les prix peut \u00eatre \u00e9tablie \u00e0 votre demande \u00e0 la fin du projet.<\/p>\n<\/div>\n<\/div>\n\n\n\n<div class=\"wp-block-columns is-layout-flex wp-container-core-columns-is-layout-87d3784b wp-block-columns-is-layout-flex\" style=\"margin-top:var(--wp--preset--spacing--60);margin-bottom:var(--wp--preset--spacing--60);padding-right:0;padding-left:0\">\n<div class=\"wp-block-column is-layout-flow wp-block-column-is-layout-flow\">\n<div class=\"wp-block-cover alignwide is-light has-medium-font-size\" style=\"border-radius:10px;padding-top:0;padding-bottom:0;min-height:501px;aspect-ratio:unset;\"><span aria-hidden=\"true\" class=\"wp-block-cover__background has-background-dim-30 has-background-dim\" style=\"background-color:#beb5a3\"><\/span><img decoding=\"async\" width=\"1024\" height=\"576\" class=\"wp-block-cover__image-background wp-image-1085\" alt=\"\" src=\"https:\/\/leschiera.design\/wp-content\/uploads\/2024\/05\/Projet-Agence-6-1-1024x576.jpeg\" style=\"object-position:29% 64%\" data-object-fit=\"cover\" data-object-position=\"29% 64%\" srcset=\"https:\/\/leschiera.design\/wp-content\/uploads\/2024\/05\/Projet-Agence-6-1-1024x576.jpeg 1024w, https:\/\/leschiera.design\/wp-content\/uploads\/2024\/05\/Projet-Agence-6-1-300x169.jpeg 300w, https:\/\/leschiera.design\/wp-content\/uploads\/2024\/05\/Projet-Agence-6-1-768x432.jpeg 768w, https:\/\/leschiera.design\/wp-content\/uploads\/2024\/05\/Projet-Agence-6-1-1536x864.jpeg 1536w, https:\/\/leschiera.design\/wp-content\/uploads\/2024\/05\/Projet-Agence-6-1.jpeg 1920w\" sizes=\"(max-width: 1024px) 100vw, 1024px\" \/><div class=\"wp-block-cover__inner-container is-layout-flow wp-block-cover-is-layout-flow\">\n<p class=\"has-text-align-center\" style=\"font-size:40px;font-style:normal;font-weight:100\">Coaching D\u00e9co<\/p>\n<\/div><\/div>\n<\/div>\n\n\n\n<div class=\"wp-block-column is-layout-flow wp-block-column-is-layout-flow\">\n<p class=\"has-text-align-center\" style=\"padding-top:0;padding-bottom:0;font-size:16px\"><br><strong>Vous cherchez de l&rsquo;inspiration <strong>pour red\u00e9corer un espace<\/strong><\/strong> <strong>ou \u00e0 conna\u00eetre les tendances du moment ?<br>Laissez-moi vous accompagner dans ce projet de coaching!<\/strong><\/p>\n\n\n\n<p class=\"has-text-align-center\" style=\"padding-top:0;padding-bottom:0;font-size:16px;font-style:normal;font-weight:100\">Je vous rencontre pour \u00e9changer sur votre projet, vos envies, vos inspirations.<br>Lors de ce RDV, je vous expose mes id\u00e9es d&rsquo;agencement, nous discutons harmonie de couleurs, mat\u00e9riaux, style de mobilier et de luminaires.<\/p>\n\n\n\n<p class=\"has-text-align-center\" style=\"font-size:16px;font-style:normal;font-weight:100\">A l&rsquo;issue de cette rencontre, je vous adresse un compte rendu d\u00e9taill\u00e9 de notre entretien. <br>Ce compte rendu comprend une planche tendances qui refl\u00e8tera l&rsquo;esprit g\u00e9n\u00e9ral de votre futur am\u00e9nagement, les id\u00e9es principales qui se d\u00e9gagent de notre rencontre, et enfin une liste des magasins de mobiliers et d&rsquo;accessoires que je vous conseille pour concr\u00e9tiser sereinement votre projet.<br><\/p>\n<\/div>\n<\/div>\n\n\n\n<div class=\"wp-block-columns is-layout-flex wp-container-core-columns-is-layout-c7fa2dd1 wp-block-columns-is-layout-flex\" style=\"margin-top:var(--wp--preset--spacing--60);margin-bottom:var(--wp--preset--spacing--60);padding-right:0;padding-left:0\">\n<div class=\"wp-block-column is-layout-flow wp-block-column-is-layout-flow\">\n<div class=\"wp-block-cover alignwide is-light has-medium-font-size\" style=\"border-radius:10px;padding-top:0;padding-bottom:0;min-height:519px;aspect-ratio:unset;\"><span aria-hidden=\"true\" class=\"wp-block-cover__background has-background-dim-30 has-background-dim\" style=\"background-color:#beb5a3\"><\/span><img decoding=\"async\" width=\"1920\" height=\"1080\" class=\"wp-block-cover__image-background wp-image-1090\" alt=\"\" src=\"https:\/\/leschiera.design\/wp-content\/uploads\/2024\/05\/Sejour-2-L.jpg\" style=\"object-position:45% 58%\" data-object-fit=\"cover\" data-object-position=\"45% 58%\" srcset=\"https:\/\/leschiera.design\/wp-content\/uploads\/2024\/05\/Sejour-2-L.jpg 1920w, https:\/\/leschiera.design\/wp-content\/uploads\/2024\/05\/Sejour-2-L-300x169.jpg 300w, https:\/\/leschiera.design\/wp-content\/uploads\/2024\/05\/Sejour-2-L-1024x576.jpg 1024w, https:\/\/leschiera.design\/wp-content\/uploads\/2024\/05\/Sejour-2-L-768x432.jpg 768w, https:\/\/leschiera.design\/wp-content\/uploads\/2024\/05\/Sejour-2-L-1536x864.jpg 1536w\" sizes=\"(max-width: 1920px) 100vw, 1920px\" \/><div class=\"wp-block-cover__inner-container is-layout-flow wp-block-cover-is-layout-flow\">\n<p class=\"has-text-align-center\" style=\"font-size:40px;font-style:normal;font-weight:100\">Immobilier<\/p>\n<\/div><\/div>\n<\/div>\n\n\n\n<div class=\"wp-block-column is-layout-flow wp-block-column-is-layout-flow\">\n<p class=\"has-text-align-center\" style=\"font-size:16px\"><br><strong>Vous souhaitez vendre votre bien immobilier et avez besoin d&rsquo;aide pour s\u00e9duire les potentiels acqu\u00e9reurs?<br>Vous \u00eates agent immobilier et souhaitez faire gagner un bien en visibilit\u00e9?<br>Laissez-moi vous accompagner dans ce projet de vente!<\/strong><\/p>\n\n\n\n<p class=\"has-text-align-center\" style=\"font-size:16px;font-style:normal;font-weight:100\">Je vous rencontre pour que vous me pr\u00e9sentiez votre projet ainsi que le bien \u00e0 mettre en avant.<br>Je passe \u00e9galement prendre les cotes et les photos n\u00e9cessaires \u00e0 l&rsquo;\u00e9laboration des rendus 3D.<\/p>\n\n\n\n<p class=\"has-text-align-center\" style=\"font-size:16px;font-style:normal;font-weight:100\">Par la suite, je mets \u00e0 votre disposition plusieurs visuels 3D qui pourront servir \u00e0 compl\u00e9ter les annonces diffus\u00e9es, ainsi qu&rsquo;\u00e0 agr\u00e9menter les visites avec les futurs acqu\u00e9reurs.<br><br>Une collaboration \u00e0 distance pour ce type de projet est \u00e9galement envisageable.<\/p>\n<\/div>\n<\/div>\n\n\n\n<div class=\"wp-block-columns are-vertically-aligned-center is-layout-flex wp-container-core-columns-is-layout-1e964356 wp-block-columns-is-layout-flex\" style=\"margin-top:0;margin-bottom:0;padding-top:0;padding-right:0;padding-bottom:0;padding-left:0\">\n<div class=\"wp-block-column is-vertically-aligned-center is-layout-flow wp-container-core-column-is-layout-92c44e9e wp-block-column-is-layout-flow\" style=\"padding-top:0;padding-bottom:0\">\n<p class=\"has-text-align-center\" style=\"margin-top:var(--wp--preset--spacing--50);margin-right:0;margin-bottom:var(--wp--preset--spacing--50);margin-left:0\">Vous \u00eates int\u00e9ress\u00e9s par une de ces formules? N&rsquo;h\u00e9sitez pas \u00e0 <a href=\"https:\/\/leschiera.design\/index.php\/page-d-exemple\/\" data-type=\"link\" data-id=\"https:\/\/leschiera.design\/index.php\/page-d-exemple\/\" target=\"_blank\" rel=\"noreferrer noopener\"><strong>me contacter<\/strong><\/a><a href=\"https:\/\/leschiera.design\/index.php\/page-d-exemple\/\" data-type=\"link\" data-id=\"https:\/\/leschiera.design\/index.php\/page-d-exemple\/\"><strong> <\/strong><\/a>pour \u00e9tablir un devis !<\/p>\n<\/div>\n<\/div>\n\n\n","protected":false},"excerpt":{"rendered":"<p>En tant que professionnelle du design d\u2019espace, je vous fais b\u00e9n\u00e9ficier de mon expertise cr\u00e9ative en mati\u00e8re de textures, de couleurs, de mobilier pour vous mod\u00e9liser un espace harmonieux, confortable et fonctionnel qui vous correspond parfaitement. J\u2019accorde une importance fondamentale \u00e0 personnaliser ma relation avec chaque client, car votre espace de vie est unique! C&rsquo;est &hellip;<\/p>\n<p class=\"read-more\"> <a class=\"\" href=\"https:\/\/leschiera.design\/index.php\/votre-projet\/\"> <span class=\"screen-reader-text\">Votre Projet<\/span> Lire la suite\u00a0\u00bb<\/a><\/p>\n","protected":false},"author":1,"featured_media":0,"parent":0,"menu_order":0,"comment_status":"closed","ping_status":"closed","template":"","meta":{"site-sidebar-layout":"default","site-content-layout":"","ast-site-content-layout":"default","site-content-style":"default","site-sidebar-style":"default","ast-global-header-display":"","ast-banner-title-visibility":"","ast-main-header-display":"","ast-hfb-above-header-display":"","ast-hfb-below-header-display":"","ast-hfb-mobile-header-display":"","site-post-title":"disabled","ast-breadcrumbs-content":"","ast-featured-img":"","footer-sml-layout":"","theme-transparent-header-meta":"","adv-header-id-meta":"","stick-header-meta":"","header-above-stick-meta":"","header-main-stick-meta":"","header-below-stick-meta":"","astra-migrate-meta-layouts":"set","ast-page-background-enabled":"default","ast-page-background-meta":{"desktop":{"background-color":"","background-image":"","background-repeat":"repeat","background-position":"center center","background-size":"auto","background-attachment":"scroll","background-type":"","background-media":"","overlay-type":"","overlay-color":"","overlay-gradient":""},"tablet":{"background-color":"","background-image":"","background-repeat":"repeat","background-position":"center center","background-size":"auto","background-attachment":"scroll","background-type":"","background-media":"","overlay-type":"","overlay-color":"","overlay-gradient":""},"mobile":{"background-color":"","background-image":"","background-repeat":"repeat","background-position":"center center","background-size":"auto","background-attachment":"scroll","background-type":"","background-media":"","overlay-type":"","overlay-color":"","overlay-gradient":""}},"ast-content-background-meta":{"desktop":{"background-color":"var(--ast-global-color-5)","background-image":"","background-repeat":"repeat","background-position":"center center","background-size":"auto","background-attachment":"scroll","background-type":"","background-media":"","overlay-type":"","overlay-color":"","overlay-gradient":""},"tablet":{"background-color":"var(--ast-global-color-5)","background-image":"","background-repeat":"repeat","background-position":"center center","background-size":"auto","background-attachment":"scroll","background-type":"","background-media":"","overlay-type":"","overlay-color":"","overlay-gradient":""},"mobile":{"background-color":"var(--ast-global-color-5)","background-image":"","background-repeat":"repeat","background-position":"center center","background-size":"auto","background-attachment":"scroll","background-type":"","background-media":"","overlay-type":"","overlay-color":"","overlay-gradient":""}},"footnotes":""},"class_list":["post-1081","page","type-page","status-publish","hentry"],"_links":{"self":[{"href":"https:\/\/leschiera.design\/index.php\/wp-json\/wp\/v2\/pages\/1081","targetHints":{"allow":["GET"]}}],"collection":[{"href":"https:\/\/leschiera.design\/index.php\/wp-json\/wp\/v2\/pages"}],"about":[{"href":"https:\/\/leschiera.design\/index.php\/wp-json\/wp\/v2\/types\/page"}],"author":[{"embeddable":true,"href":"https:\/\/leschiera.design\/index.php\/wp-json\/wp\/v2\/users\/1"}],"replies":[{"embeddable":true,"href":"https:\/\/leschiera.design\/index.php\/wp-json\/wp\/v2\/comments?post=1081"}],"version-history":[{"count":34,"href":"https:\/\/leschiera.design\/index.php\/wp-json\/wp\/v2\/pages\/1081\/revisions"}],"predecessor-version":[{"id":1138,"href":"https:\/\/leschiera.design\/index.php\/wp-json\/wp\/v2\/pages\/1081\/revisions\/1138"}],"wp:attachment":[{"href":"https:\/\/leschiera.design\/index.php\/wp-json\/wp\/v2\/media?parent=1081"}],"curies":[{"name":"wp","href":"https:\/\/api.w.org\/{rel}","templated":true}]}}